{"id":129,"date":"2026-05-11T12:51:14","date_gmt":"2026-05-11T12:51:14","guid":{"rendered":"https:\/\/zmiana.cc\/?page_id=129"},"modified":"2026-05-11T16:28:37","modified_gmt":"2026-05-11T16:28:37","slug":"https-zmiana-cc-index-php-a-homepage-section","status":"publish","type":"page","link":"https:\/\/zmiana.cc\/index.php\/https-zmiana-cc-index-php-a-homepage-section\/","title":{"rendered":"ZNASZ TO?"},"content":{"rendered":"\n<ul class=\"wp-block-list\">\n<li>w\u0142a\u015bciciel nadal musi wszystkiego pilnowa\u0107,<\/li>\n\n\n\n<li>kierownicy stale gasz\u0105 po\u017cary,<\/li>\n\n\n\n<li>ERP, je\u015bli jest, nie daje realnych danych,<\/li>\n\n\n\n<li>produkcja dzia\u0142a \u201ena telefonach\u201d,<\/li>\n\n\n\n<li>ludzie s\u0105 przeci\u0105\u017ceni (&#8220;potrzebujemy wi\u0119cej ludzi!&#8221;)<\/li>\n\n\n\n<li>pojawiaj\u0105 si\u0119 przestoje i chaos, ludzie ci\u0105gle czego\u015b szukaj\u0105,<\/li>\n\n\n\n<li>firma ro\u015bnie szybciej (wi\u0119cej klient\u00f3w) ni\u017c organizacja, albo<\/li>\n\n\n\n<li>Klienci si\u0119 wykruszaj\u0105 bo firma &#8220;nie dowozi&#8221; zam\u00f3wie\u0144,<\/li>\n\n\n\n<li>decyzje podejmowane s\u0105 intuicyjnie zamiast na danych.<\/li>\n<\/ul>\n\n\n\n<p>Je\u015bli to twoje problemy, to<\/p>\n\n\n<nav class=\"wp-block-navigation is-layout-flex wp-block-navigation-is-layout-flex\" aria-label=\"Social Links Menu\"><ul class=\"wp-block-navigation__container  wp-block-navigation\"><li class=\" wp-block-navigation-item wp-block-navigation-link\"><a class=\"wp-block-navigation-item__content\"  href=\"mailto:andrzej.kowalczuk@zmiana.cc\"><span class=\"wp-block-navigation-item__label\"><strong>Um\u00f3w 30 minutow\u0105 rozmow\u0119 diagnostyczn\u0105<\/strong><\/span><\/a><\/li><\/ul><\/nav>\n\n\n<p><\/p>\n","protected":false},"excerpt":{"rendered":"<p>Je\u015bli to twoje problemy, to<\/p>\n","protected":false},"author":1,"featured_media":189,"parent":0,"menu_order":0,"comment_status":"closed","ping_status":"closed","template":"","meta":{"footnotes":""},"class_list":["post-129","page","type-page","status-publish","has-post-thumbnail","hentry"],"_links":{"self":[{"href":"https:\/\/zmiana.cc\/index.php\/wp-json\/wp\/v2\/pages\/129","targetHints":{"allow":["GET"]}}],"collection":[{"href":"https:\/\/zmiana.cc\/index.php\/wp-json\/wp\/v2\/pages"}],"about":[{"href":"https:\/\/zmiana.cc\/index.php\/wp-json\/wp\/v2\/types\/page"}],"author":[{"embeddable":true,"href":"https:\/\/zmiana.cc\/index.php\/wp-json\/wp\/v2\/users\/1"}],"replies":[{"embeddable":true,"href":"https:\/\/zmiana.cc\/index.php\/wp-json\/wp\/v2\/comments?post=129"}],"version-history":[{"count":9,"href":"https:\/\/zmiana.cc\/index.php\/wp-json\/wp\/v2\/pages\/129\/revisions"}],"predecessor-version":[{"id":216,"href":"https:\/\/zmiana.cc\/index.php\/wp-json\/wp\/v2\/pages\/129\/revisions\/216"}],"wp:featuredmedia":[{"embeddable":true,"href":"https:\/\/zmiana.cc\/index.php\/wp-json\/wp\/v2\/media\/189"}],"wp:attachment":[{"href":"https:\/\/zmiana.cc\/index.php\/wp-json\/wp\/v2\/media?parent=129"}],"curies":[{"name":"wp","href":"https:\/\/api.w.org\/{rel}","templated":true}]}}